tors of d.
3, 73
Let b(y) = 240*y + 109. Suppose -5*v + 1 = -3*j, 4*v - 2 = 6. What are the prime factors of b(j)?
829
Suppose -16*n - 151*n + 1025681 = -10*n. What are the prime factors of n?
47, 139
Let v = 454 + -257. Let j = 126 - v. Let k = -48 - j. List the prime factors of k.
23
Suppose -8*a - 102 = -3*a - 4*c, 0 = 5*a - 2*c + 106. Let x(t) = t**3 + 25*t**2 + 27*t - 8. List the prime factors of x(a).
2, 5, 17
Let u(m) = 2*m**3 - 4*m**2 - m + 4. Let t be u(3). Let k = -2 + t. Let h(g) = -g**3 + 17*g**2 + 5*g - 2. What are the prime factors of h(k)?
83
Let x(l) = -l**2 - 3*l + 54. Let w be x(7). What are the prime factors of 1 + 2 - -2*(-1496)/w?
2, 5, 19
Let q(b) = -10*b - 52. Suppose 4*d + 212 = 4*x, -2*x + d = -3*d - 108. Suppose 2*s + 0*f = -4*f - x, 3*s = -2*f - 58. What are the prime factors of q(s)?
2, 3
Let l(c) = 531*c**3 - 4*c**2 + 5*c. What are the prime factors of l(2)?
2, 3, 7, 101
Let a(z) be the third derivative of 67*z**4/24 + 3*z**3 - z**2 - 52*z. What are the prime factors of a(1)?
5, 17
Suppose -68*p = -85068 + 25500. Suppose 0 = -5*m - 4*h + 4187, 4*m - m - 2507 = -5*h. Suppose -7*i = -m - p. List the prime factors of i.
5, 7
Let u(q) be the second derivative of q**4/6 + 37*q**3/6 + 65*q**2/2 + 191*q. What are the prime factors of u(-35)?
2, 5, 61
Suppose 1754 = 5*m + 4*y, -3*m - 3*y = -7*y - 1046. Suppose m = b + b. List the prime factors of b.
5, 7
Let t = -368 - -373. Suppose 4*c = -3*q + 432, -2*c + t*q = -4*c + 202. What are the prime factors of c?
3, 37
Let k(f) = -f**3 + 17*f**2 + 2. Suppose -20*i = -18*i - 4. Suppose 2*m - 24 = -2*r, r - 66 = -i*r + 3*m. What are the prime factors of k(r)?
2
Suppose 0 = 7*l - 134 + 78. List the prime factors of (378/l)/((-126)/(-3696)).
2, 3, 7, 11
Let s(j) be the second derivative of -j**5/20 - 2*j**4/3 - j**3 + 17*j**2 - j - 28. Let g be s(-8). Let o = 158 + g. List the prime factors of o.
2, 3, 5
Let o = -111 + 106. What are the prime factors of (1 - o/(-3))*(-44733)/74?
13, 31
Let w(d) = -2*d + 16 + 4*d - 4*d - 5. Let h be w(0). Let b = 126 + h. List the prime factors of b.
137
Let h(s) = -s**3 + 14*s**2 - 11*s - 37. Let u be h(12). Let n(q) = -q**3 + 7*q**2 - 5*q + 7. Let l be n(5). Let r = u - l. List the prime factors of r.
3, 29
Let l = 67012 - 46440. What are the prime factors of l?
2, 37, 139
Suppose 7064 = 4*d - 5*q + 1472, -3*q = 2*d - 2818. Let w = -850 + d. What are the prime factors of w?
7, 79
List the prime factors of (108/5)/((-3)/(2475/(-10))).
2, 3, 11
Suppose 5*x = -a - 980, 5*x + 0*a = -2*a - 985. Let n be 0 - 4 - x/5. Suppose -n = -19*w + 14*w. What are the prime factors of w?
7
Suppose -2650 = -v - s, 3*v - 69*s = -71*s + 7951. What are the prime factors of v?
11, 241
What are the prime factors of (-552)/345 - (-23803)/5?
4759
Let q(a) = 3*a - 5. Let z be q(4). Let d(s) = 12*s + 63. Let x(u) = -u - 5. Let p(m) = -2*d(m) - 27*x(m). List the prime factors of p(z).
2, 3, 5
Let o = 797 - -1872. List the prime factors of o.
17, 157
Let f = -2990 - -5667. Suppose -f = -14*s + 2545. What are the prime factors of s?
373
Let r = 3697 + 519. Suppose 5002 = 3*k - 3*p + 1831, p + r = 4*k. List the prime factors of k.
3, 13
Let g be 9/(-2)*1854/(-27). Let q = g - 266. List the prime factors of q.
43
Suppose 3*l + 39 = -f, 23*l = 26*l - 3*f + 51. Let t = l + 138. List the prime factors of t.
2, 31
Suppose 3*i = 6*i - 27. Let s be (0 + 1 - -1)/(i/9). Suppose 2*x + 58 = s*k, -4*x + 35 = 3*k - 87. What are the prime factors of k?
2, 17
Let d(r) = r**3 + 12*r**2 + 31*r - 4. Let y be d(-8). Suppose -y*z + z - 3*v + 1509 = 0, -z - 4*v + 509 = 0. What are the prime factors of z?
3, 167
Suppose -4*s + 4516 = 1252. Suppose 9*q = -195 + s. What are the prime factors of q?
3, 23
Let f be (-4)/30 + (9 - (-3119468)/60). Suppose 20*q = -20*q + f. List the prime factors of q.
2, 5, 13
Suppose -2*o - 63 = -5*h - o, -2*h - 5*o + 9 = 0. Suppose -h = -11*p + 10. Suppose -p*n = 5*w - 592, 3*w - 6*w = -5*n - 349. List the prime factors of w.
2, 59
Let v = -450 - -609. Let p = v - -846. List the prime factors of p.
3, 5, 67
Let p = -8 + 10. Suppose -2*s = -p*q - 260, -3*s - 36 = 2*q - 406. Let u = -75 + s. What are the prime factors of u?
3, 17
Let t(a) = -1452*a**3 - 3*a**2 + 13*a + 14. List the prime factors of t(-2).
2, 3, 7, 23
Let x = 1 + -8. Let u be 0 + 2 - (-5 - x). Suppose 2*l - 290 + 96 = u. What are the prime factors of l?
97
Suppose 4*r = 3*k - 9537, -5*k = 4*r + 798 - 16661. List the prime factors of k.
5, 127
Let g = -49 + 87. Suppose 0 = -g*m + 32*m + 2748. List the prime factors of m.
2, 229
Suppose -8*a + 35 = 91. Let v(z) = -z**2 - 9*z - 2. Let y be v(a). Let p(n) = n**3 - 14*n**2 + 26*n - 9. List the prime factors of p(y).
3, 5
Let v(q) = 544*q**2 + 5*q - 1. Suppose -5*d - k + 6 = 0, 5*k - 8 = 23*d - 26*d. What are the prime factors of v(d)?
2, 137
Suppose -15*z + t - 1286 = -11*z, -3*z - 973 = -5*t. Let v = z + 762. List the prime factors of v.
3, 7
Let w = -110 - -120. Suppose 3*z - 35 = w*z. List the prime factors of (361 + z)/2 + 4.
2, 7, 13
Let c(b) = 32*b**2 + 8*b + 12. Let a be c(-3). Let m = a - -100. List the prime factors of m.
2, 47
Let z be (0 + (-398)/(-2))*-1. Suppose -3*p - 766 = 107. Let q = z - p. What are the prime factors of q?
2, 23
Let o(z) = -z**3 + 39*z**2 - 9*z - 12. Let r be o(39). Let g = 1100 + r. List the prime factors of g.
11, 67
Let q(f) = f**2 - 13*f - 30. Let k be q(16). Let i(v) = -12*v**3 + 1 + 8*v + 12*v - k*v - 43*v**3. List the prime factors of i(-1).
2, 3
Let a(l) = 2*l**3 - 164*l**2 + 310*l + 82. What are the prime factors of a(82)?
2, 41, 311
Let t(w) = w - 4. Let g be t(7). Suppose 167 = 4*l + m, g*l - 96 - 12 = 5*m. Let o = l - 3. What are the prime factors of o?
2, 19
Let p(v) = -23*v**3 + v**2 + 4*v + 2. Suppose 5*m = -0*m + q - 71, -75 = 5*m - 5*q. Let c = 13 + m. List the prime factors of p(c).
2, 11
Suppose -4*k + 2*u - 68 = 5*u, 4*k = 4*u - 40. List the prime factors of (-9592)/(-28) + 0 - 6/k.
7
Let f(k) = -44*k + 10. Suppose 0 = 3*x - 4*p + 34, -3*x + 0 = p + 14. Let g be f(x). Suppose 4*o = g + 114. List the prime factors of o.
97
Suppose 0 = -2*a + 14 - 8. Suppose 2*s = -a*u + 890, -2*s = -u + s + 282. List the prime factors of u.
2, 3, 7
Let m(u) = 10*u + 57. Let s be m(-5). Suppose 5*i - 305 = 2*k - s*k, -16 = -4*k. List the prime factors of i.
3, 19
Suppose 3*g + 2280 = 4*x, 2288 = -2*x + 6*x - 5*g. Let t = x + -297. What are the prime factors of t?
2, 3, 5
Suppose 0 = 4*l + 2*d - 145358, -l - 10636 = d - 46978. List the prime factors of l.
7, 29, 179
Suppose -169 - 17 = 2*g. Suppose 13*i = 12*i + 26. Let o = i - g. List the prime factors of o.
7, 17
Let h be (-7423 - -4)*-1 + -3. Suppose 0 = 4*r - 3*z - 7413, -z - h = -4*r + 3*z. What are the prime factors of r?
3, 617
Let f(x) be the second derivative of -7*x**4/12 + 3*x**2/2 + 2*x. Let d be f(2). Let p = -9 - d. List the prime factors of p.
2
Let t = 1657 - 635. Suppose t - 42 = 10*f. What are the prime factors of f?
2, 7
Let w(k) = 76*k**3 + 568*k**2 - 6*k + 31. What are the prime factors of w(6)?
29, 31, 41
Suppose 27*m - 31*m + 1180 = 0. Suppose m*y - 297*y = -1132. What are the prime factors of y?
2, 283
Let z = 414 - 411. Suppose -959 = -i + 3*v, z*v = -i - 2*v + 959. List the prime factors of i.
7, 137
Let h(r) = r**3 + 6*r**2 + 3*r + 10. Let f be h(-5). Let t be (-3)/12*-1 - 1765/f. Let z = t - -177. List the prime factors of z.
89
Suppose -13*y + 63 = 1935. List the prime factors of ((-8)/6)/(-2)*(1074 + y).
2, 5, 31
Let j = -2519 + 16369. List the prime factors of j.
2, 5, 277
Let i = 5451 - 3535. What are the prime factors of i?
2, 479
Let c(b) = -2*b**2 + 1 + 4*b**2 + b**2 - 2*b**3. Let m be c(-4). Suppose -k = 5*p - 126, -2*k + 4*p + p + m = 0. What are the prime factors of k?
101
Suppose -5*o + 16680 = 5*n, 0 = -20*o + 15*o - n + 16680. Suppose o - 11310 = -6*g. What are the prime factors of g?
3, 443
Let b(j) = -j**3 - j**2 - 28. Suppose -7*i = -5*i. Let g be b(i). List the prime factors of (-319)/(-4) + 21/g.
79
Let f = 206 + 4. Suppose f = 2*m - l, -6*m + 420 = -2*m - 4*l. List the prime factors of m.
3, 5, 7
Suppose 88*t - 983400 = -57*t + 35*t. What are the prime factors of t?
2, 3, 5, 149
Let m(x) = -12*x - 32. Let y(k) = 6*k + 16. Let g(a